t f(c) = 26*c**2 + 708*c - 622. What is f(-28)?
-62
Let l(r) = -37*r**2 - 618*r + 616. Calculate l(1).
-39
Let z(b) = b**3 + 74*b**2 - 68*b - 5260. Determine z(-73).
5033
Let r(u) = -u**3 - 25*u**2 + 180*u - 71. Give r(-29).
-1927
Let y(m) = 30527*m + 2594851. What is y(-85)?
56
Let h(o) = -373*o**2 - 26*o - 26. Calculate h(-1).
-373
Let l(o) = 127551*o + 6760130. What is l(-53)?
-73
Let d(c) = 6523*c - 11924. What is d(2)?
1122
Let i(q) = -86389*q + 173437. Give i(2).
659
Let a(d) = 20233*d - 5564063. What is a(275)?
12
Let i(b) = -92*b**3 + 18*b**2 - 761*b + 763. Determine i(1).
-72
Let d(v) = -v**3 - 46*v**2 + 672*v - 1138. Give d(-58).
254
Let z(g) = -2*g**2 + 61611*g - 739142. What is z(12)?
-98
Let k(z) = z**3 + 356*z**2 - 6784*z + 939. Determine k(18).
3
Let v(y) = y**2 - 540628*y - 9190960. Determine v(-17).
5
Let x(y) = 11*y**2 - 331*y + 1506. Determine x(5).
126
Let z(j) = -309*j**3 + 270*j**2 - 46*j + 42. Calculate z(1).
-43
Let q(r) = -11*r**2 - 231*r - 1170. Determine q(-8).
-26
Let r(b) = 6*b**3 - 764*b**2 - 541*b + 3703. Calculate r(128).
-9
Let s(i) = 20*i**3 + i**2 - 126*i - 250. Determine s(-2).
-154
Let w(z) = -1408070*z - 2816138. Determine w(-2).
2
Let z(q) = -q**3 + 64*q**2 - 747*q + 181. Give z(46).
3907
Let z(m) = -20*m**2 - 1997*m + 6484. What is z(-103)?
-5
Let i(t) = 3*t**3 - 130*t**2 + 272*t - 9471. What is i(43)?
376
Let y(h) = -h**3 - 20*h**2 + 516*h + 4718. Determine y(-8).
-178
Let y(a) = -a**3 + 22*a**2 + 2300*a - 44523. Calculate y(19).
260
Let t(m) = -15*m**2 + 113*m + 4007. What is t(-13)?
3
Let q(c) = -6*c**3 + 29*c**2 + 40. Give q(4).
120
Let l(n) = n**3 - 38*n**2 + 427*n - 39. What is l(26)?
2951
Let j(v) = 8808*v - 19846. Calculate j(3).
6578
Let y(w) = -15*w**2 - 1356*w + 444. Give y(-91).
-375
Let o(n) = -912*n + 773. Calculate o(1).
-139
Let z(o) = -21178*o - 825957. Calculate z(-39).
-15
Let z(n) = 1537*n + 1519. Determine z(-1).
-18
Let u(a) = -a**3 + 38*a**2 - 326*a + 5509. Give u(33).
196
Let r(w) = 47*w**3 - 2861*w**2 - 362*w - 251. Give r(61).
-7
Let w(b) = 407*b + 28864. What is w(-71)?
-33
Let o(x) = -x**3 + 134*x**2 + 413*x - 46. Calculate o(137).
228
Let k(q) = q**2 - 5890*q - 82649. What is k(-14)?
7
Let s(m) = -43*m**2 - 3745*m - 7306. Determine s(-2).
12
Let v(z) = -69457*z + 486198. Determine v(7).
-1
Let a(u) = u**2 + 104*u - 13678. Determine a(74).
-506
Let b(o) = -o**2 - 7669*o + 107580. Determine b(14).
18
Let y(f) = -3*f**3 - 108*f**2 - 942*f + 298. Give y(-12).
1234
Let a(t) = 3*t**2 - 46*t - 257. Give a(28).
807
Let a(z) = z**3 + 249*z**2 + 992*z + 1755. Calculate a(-245).
-1185
Let q(g) = g**2 + 155*g - 88. What is q(-155)?
-88
Let c(y) = -3045*y - 39119. What is c(-13)?
466
Let v(d) = -44*d**2 + 1035*d + 20. Determine v(24).
-484
Let f(u) = u**3 - 150*u**2 - 11*u + 1438. What is f(150)?
-212
Let c(y) = 1899*y + 115875. What is c(-61)?
36
Let s(z) = 940*z**3 - z**2 + 9*z + 149. Calculate s(0).
149
Let d(w) = -w**3 + 326*w**2 + 4438*w - 10482. What is d(339)?
27
Let l(c) = 2*c**3 + 5*c**2 + 25*c + 29. Calculate l(-9).
-1249
Let m(o) = -o**3 - 119*o**2 + 40*o + 5893. What is m(-119)?
1133
Let z(x) = -x**3 + 166*x**2 - 5598*x + 310968. What is z(142)?
-12
Let w(h) = -h**3 + 5*h**2 + 136*h - 61. Calculate w(-12).
755
Let w(g) = g**3 + 198*g**2 + 9789*g + 328. Determine w(-95).
-52
Let o(m) = -2*m**2 + 8970*m - 284997. What is o(32)?
-5
Let p(a) = -3*a**2 + 1769*a + 10773. What is p(-6)?
51
Let a(u) = -30*u + 2339. Determine a(73).
149
Let v(n) = -1147*n**2 - 45880*n - 9. What is v(-40)?
-9
Let y(c) = -183827*c - 1838275. Give y(-10).
-5
Let w(m) = m**3 + 17*m**2 - 1981*m - 33742. Calculate w(-17).
-65
Let b(y) = 232*y - 47038. Determine b(203).
58
Let s(f) = -f**3 - 700*f**2 - 13601*f - 733. What is s(-680)?
-53
Let z(w) = -w**2 - 652*w - 104883. Determine z(-363).
24
Let h(w) = w**3 + 138*w**2 - 155*w + 35161. Calculate h(-141).
-2627
Let l(j) = -81*j**3 + 361*j**2 - 20*j + 24. Give l(6).
-4596
Let s(h) = 3*h**3 - 345*h**2 - 4167*h - 85. What is s(-11)?
14
Let q(h) = 2*h**3 - 183*h**2 + 449*h - 716. What is q(89)?
-360
Let b(m) = 1667*m + 900184. Calculate b(-540).
4
Let o(i) = 11897*i + 118160. Calculate o(-10).
-810
Let v(l) = 25*l**2 + 18*l + 6. Determine v(1).
49
Let d(a) = 2300*a - 124211. What is d(54)?
-11
Let p(x) = -98*x**2 - 363*x + 15. Give p(6).
-5691
Let t(p) = 2*p**2 + 5977*p - 168920. Give t(28).
4
Let r(y) = -206*y + 6764. What is r(31)?
378
Let z(l) = 125*l**3 - 1614*l**2 + 5170*l + 10. Determine z(7).
-11
Let c(d) = 13*d**2 + 2917*d + 1131. Give c(-224).
11
Let c(f) = 7*f**2 - 751*f + 18419. Give c(38).
-11
Let k(p) = -245*p + 15898. Determine k(67).
-517
Let a(r) = -198*r**2 - 3362*r + 6825. Calculate a(2).
-691
Let t(r) = r**3 - 56*r**2 + 169*r - 521. What is t(53)?
9
Let q(l) = 10*l**2 + 2354*l + 5566. Calculate q(-233).
-26
Let l(w) = -2006*w - 17758. Give l(-9).
296
Let m(i) = i**2 - 11605*i - 723356. Calculate m(-62).
-2
Let n(k) = 813*k**2 - 1498*k + 3006. Determine n(2).
3262
Let x(g) = g**3 - 408*g**2 + 12033*g - 389. Calculate x(376).
-13
Let x(a) = -2*a**3 + 96*a**2 + 960*a - 69. What is x(-12)?
5691
Let r(o) = 75210*o - 1203219. Give r(16).
141
Let i(l) = 359*l - 3957. Determine i(13).
710
Let i(a) = -20*a**2 + 116*a + 84. Calculate i(6).
60
Let d(l) = l**3 + 301*l**2 - 6758*l - 85. Give d(21).
-1
Let m(g) = 110*g - 20496. Determine m(188).
184
Let w(q) = -17496*q - 244941. Give w(-14).
3
Let o(d) = d**3 + 191*d**2 + 4836*d - 27. Calculate o(-30).
-207
Let h(l) = 1260*l + 52945. Calculate h(-42).
25
Let j(h) = 117*h + 31087. Calculate j(-267).
-152
Let u(v) = 2117*v - 36014. Give u(17).
-25
Let k(t) = 7*t**2 - 146*t - 1357. What is k(-8)?
259
Let x(d) = -13*d**2 - 252*d - 546. What is x(-17)?
-19
Let o(a) = -a**3 - 214*a**2 - 147*a + 14793. Determine o(-213).
735
Let d(g) = -g**3 + 400*g**2 - 4289*g + 102. Calculate d(11).
-8
Let a(i) = -i**2 - 21989*i - 1621697. What is a(-74)?
13
Let a(f) = -f**3 - 36*f**2 + 31*f + 695. What is a(-36)?
-421
Let a(p) = -p**3 + p**2 + 974*p + 1959. Give a(-2).
23
Let g(r) = -3*r**3 + 26*r**2 + 3853*r - 7706. Calculate g(2).
80
Let f(o) = -6189*o - 736391. What is f(-119)?
100
Let d(y) = -y**3 + 129*y**2 - 88*y - 5108. What is d(128)?
12
Let j(r) = 2*r**2 + 2125*r - 8539. Calculate j(4).
-7
Let a(d) = -17108*d - 17088. What is a(-1)?
20
Let u(z) = 94*z + 14452. Give u(-156).
-212
Let x(p) = 2*p**2 - 541*p + 14806. Give x(31).
-43
Let k(g) = -8606*g + 352851. Determine k(41).
5
Let z(w) = -28*w - 349. Calculate z(-17).
127
Let m(c) = c**3 + 27*c**2 + 16593*c + 447975. Give m(-27).
-36
Let h(j) = -2*j**3 + 379*j**2 - 12498*j + 440. What is h(147)?
-1
Let j(c) = -27469*c - 274508. Determine j(-10).
182
Let f(d) = -58*d**2 - 976*d - 1798. What is f(-2)?
-78
Let w(s) = 6515*s**2 - 71690*s - 59. Calculate w(11).
-334
Let s(i) = 5*i**3 - 987*i**2 - 3920*i + 106. Calculate s(-4).
-326
Let t(m) = -107*m**2 + 64*m + 9. Calculate t(1).
-34
Let l(g) = 1008*g - 183601. Give l(182).
-145
Let f(t) = -3*t**3 + 29*t**2 + 696*t - 6866. Determine f(10).
-6
Let k(y) = 41169*y - 6092959. Determine k(148).
53
Let c(p) = -1630*p - 7876. What is c(-5)?
274
Let w(r) = -r**3 - 165*r**2 - 4364*r - 1061. Give w(-132).
-5
Let i(q) = -12*q**2 + 2114*q - 10551. What is i(5)?
-281
Let b(r) = r**2 - 1502*r + 265850. Determine b(205).
-35
Let l(v) = -v**3 + 136*v**2 - 4395*v - 12504. Give l(76).
36
Let c(s) = 662*s**2 - 65369*s - 16734. Give c(99).
-3
Let y(o) = -2*o**2 + 804*o + 7366. Determine y(411).
-32
Let h(k) = k**3 + 5668*k**2 + 90434*k + 26. Determine h(-16).
-6
Let m(q) = 149*q**2 - 5018*q - 161. Give m(34).
1471
Let d(h) = 3*h**3 - 21*h**2 + 103*h - 680. Determine d(7).
41
Let k(u) = 2*u**3 + 78*u**2 - 467*u - 1225. Give k(-44).
-37
Let b(y) = 2*y**2 - 2447*y + 24227. Give b(10).
-43
Let d(p) = 2*p**2 + 818*p - 10958. Give d(13).
14
Let z(r) = 4999*r - 45005. Calculate z(9).
-14
Let w(h) = -h**3 + 433*h**2 - 6279*h + 126. Determine w(15).
-9
Let o(a) = -a**3 + 171*a**2 - 3230*a - 7158. What is o(149)?
-6
Let g(c) = -198607*c - 1390254. What is g(-7)?
-5
Let l(i) = 86*i**2 + 627*i + 916. What is l(-2)?
6
Let x(o) = 10134*o - 851096. Determine x(84).
160
Let f(i) = i**3 + 247*i**2 + 2132*i - 2738. Calculate f(-238).
-358
Let o(p) = -4*p**2 